{"id":4000,"date":"2025-06-12T12:57:07","date_gmt":"2025-06-12T12:57:07","guid":{"rendered":"https:\/\/ekibw.de\/?page_id=4000"},"modified":"2026-04-30T09:25:47","modified_gmt":"2026-04-30T09:25:47","slug":"mitteilungen","status":"publish","type":"page","link":"https:\/\/ekibw.de\/?page_id=4000","title":{"rendered":"Mitteilungen"},"content":{"rendered":"<p>[et_pb_section fb_built=&#8220;1&#8243; _builder_version=&#8220;4.16&#8243; _module_preset=&#8220;default&#8220; use_background_color_gradient=&#8220;on&#8220; background_color_gradient_stops=&#8220;#f2f0ea 0%|#ffffff 100%&#8220; background_color_gradient_start=&#8220;#f2f0ea&#8220; background_color_gradient_end=&#8220;#ffffff&#8220; background_enable_image=&#8220;off&#8220; background_blend=&#8220;darken&#8220; custom_padding=&#8220;43px||40px|||&#8220; global_colors_info=&#8220;{}&#8220;][et_pb_row column_structure=&#8220;3_4,1_4&#8243; _builder_version=&#8220;4.27.2&#8243; _module_preset=&#8220;default&#8220; background_color=&#8220;#FFFFFF&#8220; custom_margin=&#8220;-43px||||false|false&#8220; custom_padding=&#8220;10px|20px|7px|32px|false|false&#8220; global_colors_info=&#8220;{}&#8220;][et_pb_column type=&#8220;3_4&#8243; _builder_version=&#8220;4.25.0&#8243; _module_preset=&#8220;default&#8220; global_colors_info=&#8220;{}&#8220;][et_pb_text admin_label=&#8220;Mitteilungen&#8220; _builder_version=&#8220;4.27.4&#8243; text_font=&#8220;||||||||&#8220; text_font_size=&#8220;16px&#8220; text_line_height=&#8220;2em&#8220; header_font=&#8220;||||||||&#8220; header_text_color=&#8220;#44580e&#8220; header_2_font=&#8220;Montserrat|800|||||||&#8220; header_2_font_size=&#8220;30px&#8220; header_2_line_height=&#8220;1.5em&#8220; header_3_font=&#8220;||||||||&#8220; header_4_font=&#8220;||||||||&#8220; background_color=&#8220;#FFFFFF&#8220; max_width=&#8220;520px&#8220; max_width_tablet=&#8220;700px&#8220; max_width_phone=&#8220;700px&#8220; max_width_last_edited=&#8220;off|desktop&#8220; custom_margin=&#8220;||30px|&#8220; custom_margin_tablet=&#8220;|0px||&#8220; custom_margin_phone=&#8220;|0px||&#8220; custom_margin_last_edited=&#8220;off|desktop&#8220; custom_padding=&#8220;20px|||&#8220; header_2_font_size_tablet=&#8220;30px&#8220; header_2_font_size_phone=&#8220;20px&#8220; header_2_font_size_last_edited=&#8220;on|phone&#8220; border_color_all=&#8220;#44580e&#8220; border_width_bottom=&#8220;2px&#8220; border_color_bottom=&#8220;#7cda24&#8243; locked=&#8220;off&#8220; global_colors_info=&#8220;{}&#8220;]<\/p>\n<h2>Mitteilungen der Gemeinden<\/h2>\n<p>[\/et_pb_text][et_pb_text admin_label=&#8220;Konfirmanden 2026&#8243; module_id=&#8220;verschiedenes&#8220; _builder_version=&#8220;4.27.6&#8243; _module_preset=&#8220;default&#8220; background_color=&#8220;RGBA(255,255,255,0)&#8220; border_color_all=&#8220;#000000&#8243; global_colors_info=&#8220;{}&#8220;]<\/p>\n<p><strong>Konfirmation 2026<\/strong><\/p>\n<p>Am Sonntag, den 19.04.2026 wurden unsere 11 Konfirmanden in einem Festgottesdienst in der Kirche in Weiler eingesegnet.<br \/>Der Posaunenchor aus Weiler umrahmte den Gottesdienst feierlich.<br \/>Im Anschluss gab der Musik- und Trachtenverein Neuhausen noch ein Platzkonzert vor der Kirche.<\/p>\n<p><img loading=\"lazy\" decoding=\"async\" class=\"alignnone wp-image-4544 size-large\" src=\"https:\/\/ekibw.de\/wp-content\/uploads\/2026\/04\/Konfis-2026_2-1024x643.jpg\" alt=\"\" width=\"1024\" height=\"643\" srcset=\"https:\/\/ekibw.de\/wp-content\/uploads\/2026\/04\/Konfis-2026_2-1024x643.jpg 1024w, https:\/\/ekibw.de\/wp-content\/uploads\/2026\/04\/Konfis-2026_2-980x616.jpg 980w, https:\/\/ekibw.de\/wp-content\/uploads\/2026\/04\/Konfis-2026_2-480x302.jpg 480w\" sizes=\"(min-width: 0px) and (max-width: 480px) 480px, (min-width: 481px) and (max-width: 980px) 980px, (min-width: 981px) 1024px, 100vw\" \/><\/p>\n<p>[\/et_pb_text][et_pb_divider _builder_version=&#8220;4.25.1&#8243; _module_preset=&#8220;default&#8220; global_colors_info=&#8220;{}&#8220;][\/et_pb_divider][et_pb_text admin_label=&#8220;EinladungKonfirmation2027&#8243; module_id=&#8220;verschiedenes&#8220; _builder_version=&#8220;4.27.6&#8243; _module_preset=&#8220;default&#8220; background_color=&#8220;RGBA(255,255,255,0)&#8220; border_color_all=&#8220;#000000&#8243; global_colors_info=&#8220;{}&#8220;]<\/p>\n<p><strong>Die Kirchengemeinde Buchenberg und Weiler l\u00e4dt zum Konfirmanden-Unterricht 2026\/2027 ein.<\/strong><\/p>\n<p>Jugendliche, die in der 8. Klasse sind und am 30.06.2027 das 14. Lebensjahr vollendet haben, k\u00f6nnen sich 2027 konfirmieren lassen. Dabei gibt es auch Ausnahmen, die dann im jeweiligen Fall besprochen werden k\u00f6nnen.<\/p>\n<p>Wir laden die Eltern mit ihren Kindern herzlich zum Anmeldeabend am <strong>Donnerstag, 07.05.2026 um 18:30 Uhr in den Gemeinderaum in Weiler<\/strong> ein. Dort werden bereits feststehende Termine f\u00fcr das neue Konfirmandenjahr bekanntgegeben.<br \/>Bitte den Taufspruch mitbringen.<br \/>Wir freuen uns, Sie an diesem Abend mit Ihren Kindern begr\u00fc\u00dfen zu k\u00f6nnen!<\/p>\n<p>[\/et_pb_text][et_pb_divider _builder_version=&#8220;4.25.1&#8243; _module_preset=&#8220;default&#8220; global_colors_info=&#8220;{}&#8220;][\/et_pb_divider][et_pb_text admin_label=&#8220;Einladung Spieletreff&#8220; module_id=&#8220;verschiedenes&#8220; _builder_version=&#8220;4.27.6&#8243; _module_preset=&#8220;default&#8220; background_color=&#8220;RGBA(255,255,255,0)&#8220; border_color_all=&#8220;#000000&#8243; global_colors_info=&#8220;{}&#8220;]<\/p>\n<p><img loading=\"lazy\" decoding=\"async\" class=\"alignnone wp-image-4542 size-large\" src=\"https:\/\/ekibw.de\/wp-content\/uploads\/2026\/04\/Einladung-Spieletreff-Weiler-944x1024.jpg\" alt=\"\" width=\"944\" height=\"1024\" srcset=\"https:\/\/ekibw.de\/wp-content\/uploads\/2026\/04\/Einladung-Spieletreff-Weiler-944x1024.jpg 944w, https:\/\/ekibw.de\/wp-content\/uploads\/2026\/04\/Einladung-Spieletreff-Weiler-480x521.jpg 480w\" sizes=\"(min-width: 0px) and (max-width: 480px) 480px, (min-width: 481px) 944px, 100vw\" \/><\/p>\n<p>[\/et_pb_text][\/et_pb_column][et_pb_column type=&#8220;1_4&#8243; _builder_version=&#8220;4.25.0&#8243; _module_preset=&#8220;default&#8220; global_colors_info=&#8220;{}&#8220;][et_pb_text admin_label=&#8220;Ansprechpartner&#8220; _builder_version=&#8220;4.27.6&#8243; _module_preset=&#8220;default&#8220; background_color=&#8220;rgba(242,240,234,0.5)&#8220; custom_margin=&#8220;80px||||false|false&#8220; custom_padding=&#8220;20px|15px|15px|15px|false|false&#8220; border_width_top=&#8220;4px&#8220; border_color_top=&#8220;#934e99&#8243; global_colors_info=&#8220;{}&#8220;]<\/p>\n<p><strong>Ansprechpartner\/in:<\/strong><\/p>\n<p>Pfarramt Weiler<br \/>Tel. (0 77 25) 39 93<br \/><a href=\"mailto:buchenberg-weiler@kbz.ekiba.de\">buchenberg-weiler@kbz.ekiba.de<\/a><\/p>\n<p>Pfarramt Buchenberg<br \/>Tel. (0 77 25) 79 97<br \/><a href=\"mailto:buchenberg-weiler@kbz.ekiba.de\">buchenberg-weiler@kbz.ekiba.de<\/a><\/p>\n<p>[\/et_pb_text][et_pb_sidebar area=&#8220;et_pb_widget_area_2&#8243; admin_label=&#8220;Widget: Links&#8220; _builder_version=&#8220;4.27.2&#8243; _module_preset=&#8220;default&#8220; background_color=&#8220;#f2f0ea&#8220; custom_padding=&#8220;20px|15px|15px|15px|false|false&#8220; border_width_top=&#8220;4px&#8220; border_color_top=&#8220;#934e99&#8243; global_colors_info=&#8220;{}&#8220;][\/et_pb_sidebar][\/et_pb_column][\/et_pb_row][\/et_pb_section]<\/p>\n","protected":false},"excerpt":{"rendered":"<p>Mitteilungen der GemeindenKonfirmation 2026 Am Sonntag, den 19.04.2026 wurden unsere 11 Konfirmanden in einem Festgottesdienst in der Kirche in Weiler eingesegnet.Der Posaunenchor aus Weiler umrahmte den Gottesdienst feierlich.Im Anschluss gab der Musik- und Trachtenverein Neuhausen noch ein Platzkonzert vor der Kirche. Die Kirchengemeinde Buchenberg und Weiler l\u00e4dt zum Konfirmanden-Unterricht 2026\/2027 ein. Jugendliche, die in der [&hellip;]<\/p>\n","protected":false},"author":5,"featured_media":0,"parent":0,"menu_order":0,"comment_status":"closed","ping_status":"closed","template":"","meta":{"_et_pb_use_builder":"on","_et_pb_old_content":"","_et_gb_content_width":"","footnotes":""},"class_list":["post-4000","page","type-page","status-publish","hentry"],"_links":{"self":[{"href":"https:\/\/ekibw.de\/index.php?rest_route=\/wp\/v2\/pages\/4000","targetHints":{"allow":["GET"]}}],"collection":[{"href":"https:\/\/ekibw.de\/index.php?rest_route=\/wp\/v2\/pages"}],"about":[{"href":"https:\/\/ekibw.de\/index.php?rest_route=\/wp\/v2\/types\/page"}],"author":[{"embeddable":true,"href":"https:\/\/ekibw.de\/index.php?rest_route=\/wp\/v2\/users\/5"}],"replies":[{"embeddable":true,"href":"https:\/\/ekibw.de\/index.php?rest_route=%2Fwp%2Fv2%2Fcomments&post=4000"}],"version-history":[{"count":69,"href":"https:\/\/ekibw.de\/index.php?rest_route=\/wp\/v2\/pages\/4000\/revisions"}],"predecessor-version":[{"id":4554,"href":"https:\/\/ekibw.de\/index.php?rest_route=\/wp\/v2\/pages\/4000\/revisions\/4554"}],"wp:attachment":[{"href":"https:\/\/ekibw.de\/index.php?rest_route=%2Fwp%2Fv2%2Fmedia&parent=4000"}],"curies":[{"name":"wp","href":"https:\/\/api.w.org\/{rel}","templated":true}]}}

<p>[et_pb_section fb_built=&#8220;1&#8243; _builder_version=&#8220;4.16&#8243; _module_preset=&#8220;default&#8220; use_background_color_gradient=&#8220;on&#8220; background_color_gradient_stops=&#8220;#f2f0ea 0%|#ffffff 100%&#8220; background_color_gradient_start=&#8220;#f2f0ea&#8220; background_color_gradient_end=&#8220;#ffffff&#8220; background_enable_image=&#8220;off&#8220; background_blend=&#8220;darken&#8220; custom_padding=&#8220;43px||40px|||&#8220; global_colors_info=&#8220;{}&#8220;][et_pb_row column_structure=&#8220;3_4,1_4&#8243; _builder_version=&#8220;4.27.2&#8243; _module_preset=&#8220;default&#8220; background_color=&#8220;#FFFFFF&#8220; custom_margin=&#8220;-43px||||false|false&#8220; custom_padding=&#8220;10px|20px|7px|32px|false|false&#8220; global_colors_info=&#8220;{}&#8220;][et_pb_column type=&#8220;3_4&#8243; _builder_version=&#8220;4.25.0&#8243; _module_preset=&#8220;default&#8220; global_colors_info=&#8220;{}&#8220;][et_pb_text admin_label=&#8220;Mitteilungen&#8220; _builder_version=&#8220;4.27.4&#8243; text_font=&#8220;||||||||&#8220; text_font_size=&#8220;16px&#8220; text_line_height=&#8220;2em&#8220; header_font=&#8220;||||||||&#8220; header_text_color=&#8220;#44580e&#8220; header_2_font=&#8220;Montserrat|800|||||||&#8220; header_2_font_size=&#8220;30px&#8220; header_2_line_height=&#8220;1.5em&#8220; header_3_font=&#8220;||||||||&#8220; header_4_font=&#8220;||||||||&#8220; background_color=&#8220;#FFFFFF&#8220; max_width=&#8220;520px&#8220; max_width_tablet=&#8220;700px&#8220; max_width_phone=&#8220;700px&#8220; max_width_last_edited=&#8220;off|desktop&#8220; custom_margin=&#8220;||30px|&#8220; custom_margin_tablet=&#8220;|0px||&#8220; custom_margin_phone=&#8220;|0px||&#8220; custom_margin_last_edited=&#8220;off|desktop&#8220; custom_padding=&#8220;20px|||&#8220; header_2_font_size_tablet=&#8220;30px&#8220; header_2_font_size_phone=&#8220;20px&#8220; header_2_font_size_last_edited=&#8220;on|phone&#8220; border_color_all=&#8220;#44580e&#8220; border_width_bottom=&#8220;2px&#8220; border_color_bottom=&#8220;#7cda24&#8243; locked=&#8220;off&#8220; global_colors_info=&#8220;{}&#8220;]</p>
<h2>Mitteilungen der Gemeinden</h2>
<p>[/et_pb_text][et_pb_text admin_label=&#8220;Konfirmanden 2026&#8243; module_id=&#8220;verschiedenes&#8220; _builder_version=&#8220;4.27.6&#8243; _module_preset=&#8220;default&#8220; background_color=&#8220;RGBA(255,255,255,0)&#8220; border_color_all=&#8220;#000000&#8243; global_colors_info=&#8220;{}&#8220;]</p>
<p><strong>Konfirmation 2026</strong></p>
<p>Am Sonntag, den 19.04.2026 wurden unsere 11 Konfirmanden in einem Festgottesdienst in der Kirche in Weiler eingesegnet.<br />Der Posaunenchor aus Weiler umrahmte den Gottesdienst feierlich.<br />Im Anschluss gab der Musik- und Trachtenverein Neuhausen noch ein Platzkonzert vor der Kirche.</p>
<p><img loading="lazy" decoding="async" class="alignnone wp-image-4544 size-large" src="https://ekibw.de/wp-content/uploads/2026/04/Konfis-2026_2-1024x643.jpg" alt="" width="1024" height="643" srcset="https://ekibw.de/wp-content/uploads/2026/04/Konfis-2026_2-1024x643.jpg 1024w, https://ekibw.de/wp-content/uploads/2026/04/Konfis-2026_2-980x616.jpg 980w, https://ekibw.de/wp-content/uploads/2026/04/Konfis-2026_2-480x302.jpg 480w" sizes="(min-width: 0px) and (max-width: 480px) 480px, (min-width: 481px) and (max-width: 980px) 980px, (min-width: 981px) 1024px, 100vw" /></p>
<p>[/et_pb_text][et_pb_divider _builder_version=&#8220;4.25.1&#8243; _module_preset=&#8220;default&#8220; global_colors_info=&#8220;{}&#8220;][/et_pb_divider][et_pb_text admin_label=&#8220;EinladungKonfirmation2027&#8243; module_id=&#8220;verschiedenes&#8220; _builder_version=&#8220;4.27.6&#8243; _module_preset=&#8220;default&#8220; background_color=&#8220;RGBA(255,255,255,0)&#8220; border_color_all=&#8220;#000000&#8243; global_colors_info=&#8220;{}&#8220;]</p>
<p><strong>Die Kirchengemeinde Buchenberg und Weiler lädt zum Konfirmanden-Unterricht 2026/2027 ein.</strong></p>
<p>Jugendliche, die in der 8. Klasse sind und am 30.06.2027 das 14. Lebensjahr vollendet haben, können sich 2027 konfirmieren lassen. Dabei gibt es auch Ausnahmen, die dann im jeweiligen Fall besprochen werden können.</p>
<p>Wir laden die Eltern mit ihren Kindern herzlich zum Anmeldeabend am <strong>Donnerstag, 07.05.2026 um 18:30 Uhr in den Gemeinderaum in Weiler</strong> ein. Dort werden bereits feststehende Termine für das neue Konfirmandenjahr bekanntgegeben.<br />Bitte den Taufspruch mitbringen.<br />Wir freuen uns, Sie an diesem Abend mit Ihren Kindern begrüßen zu können!</p>
<p>[/et_pb_text][et_pb_divider _builder_version=&#8220;4.25.1&#8243; _module_preset=&#8220;default&#8220; global_colors_info=&#8220;{}&#8220;][/et_pb_divider][et_pb_text admin_label=&#8220;Einladung Spieletreff&#8220; module_id=&#8220;verschiedenes&#8220; _builder_version=&#8220;4.27.6&#8243; _module_preset=&#8220;default&#8220; background_color=&#8220;RGBA(255,255,255,0)&#8220; border_color_all=&#8220;#000000&#8243; global_colors_info=&#8220;{}&#8220;]</p>
<p><img loading="lazy" decoding="async" class="alignnone wp-image-4542 size-large" src="https://ekibw.de/wp-content/uploads/2026/04/Einladung-Spieletreff-Weiler-944x1024.jpg" alt="" width="944" height="1024" srcset="https://ekibw.de/wp-content/uploads/2026/04/Einladung-Spieletreff-Weiler-944x1024.jpg 944w, https://ekibw.de/wp-content/uploads/2026/04/Einladung-Spieletreff-Weiler-480x521.jpg 480w" sizes="(min-width: 0px) and (max-width: 480px) 480px, (min-width: 481px) 944px, 100vw" /></p>
<p>[/et_pb_text][/et_pb_column][et_pb_column type=&#8220;1_4&#8243; _builder_version=&#8220;4.25.0&#8243; _module_preset=&#8220;default&#8220; global_colors_info=&#8220;{}&#8220;][et_pb_text admin_label=&#8220;Ansprechpartner&#8220; _builder_version=&#8220;4.27.6&#8243; _module_preset=&#8220;default&#8220; background_color=&#8220;rgba(242,240,234,0.5)&#8220; custom_margin=&#8220;80px||||false|false&#8220; custom_padding=&#8220;20px|15px|15px|15px|false|false&#8220; border_width_top=&#8220;4px&#8220; border_color_top=&#8220;#934e99&#8243; global_colors_info=&#8220;{}&#8220;]</p>
<p><strong>Ansprechpartner/in:</strong></p>
<p>Pfarramt Weiler<br />Tel. (0 77 25) 39 93<br /><a href="mailto:buchenberg-weiler@kbz.ekiba.de">buchenberg-weiler@kbz.ekiba.de</a></p>
<p>Pfarramt Buchenberg<br />Tel. (0 77 25) 79 97<br /><a href="mailto:buchenberg-weiler@kbz.ekiba.de">buchenberg-weiler@kbz.ekiba.de</a></p>
<p>[/et_pb_text][et_pb_sidebar area=&#8220;et_pb_widget_area_2&#8243; admin_label=&#8220;Widget: Links&#8220; _builder_version=&#8220;4.27.2&#8243; _module_preset=&#8220;default&#8220; background_color=&#8220;#f2f0ea&#8220; custom_padding=&#8220;20px|15px|15px|15px|false|false&#8220; border_width_top=&#8220;4px&#8220; border_color_top=&#8220;#934e99&#8243; global_colors_info=&#8220;{}&#8220;][/et_pb_sidebar][/et_pb_column][/et_pb_row][/et_pb_section]</p>

<p>Mitteilungen der GemeindenKonfirmation 2026 Am Sonntag, den 19.04.2026 wurden unsere 11 Konfirmanden in einem Festgottesdienst in der Kirche in Weiler eingesegnet.Der Posaunenchor aus Weiler umrahmte den Gottesdienst feierlich.Im Anschluss gab der Musik- und Trachtenverein Neuhausen noch ein Platzkonzert vor der Kirche. Die Kirchengemeinde Buchenberg und Weiler lädt zum Konfirmanden-Unterricht 2026/2027 ein. Jugendliche, die in der [&hellip;]</p>
