{"id":309,"date":"2020-12-11T14:41:22","date_gmt":"2020-12-11T14:41:22","guid":{"rendered":"https:\/\/ekibw.de\/?page_id=309"},"modified":"2024-10-25T07:32:32","modified_gmt":"2024-10-25T07:32:32","slug":"kindergottesdienst","status":"publish","type":"page","link":"https:\/\/ekibw.de\/?page_id=309","title":{"rendered":"Kindergottesdienst"},"content":{"rendered":"<p>[et_pb_section fb_built=&#8220;1&#8243; _builder_version=&#8220;4.16&#8243; _module_preset=&#8220;default&#8220; use_background_color_gradient=&#8220;on&#8220; background_color_gradient_stops=&#8220;#f2f0ea 0%|#ffffff 100%&#8220; background_color_gradient_start=&#8220;#f2f0ea&#8220; background_color_gradient_end=&#8220;#ffffff&#8220; background_enable_image=&#8220;off&#8220; background_blend=&#8220;darken&#8220; custom_padding=&#8220;43px||40px|||&#8220; global_colors_info=&#8220;{}&#8220;][et_pb_row column_structure=&#8220;3_4,1_4&#8243; _builder_version=&#8220;4.27.2&#8243; _module_preset=&#8220;default&#8220; background_color=&#8220;#ffffff&#8220; custom_margin=&#8220;-43px||||false|false&#8220; custom_padding=&#8220;10px|20px|7px|32px|false|false&#8220; hover_enabled=&#8220;0&#8243; global_colors_info=&#8220;{}&#8220; sticky_enabled=&#8220;0&#8243;][et_pb_column type=&#8220;3_4&#8243; _builder_version=&#8220;4.16&#8243; _module_preset=&#8220;default&#8220; global_colors_info=&#8220;{}&#8220;][et_pb_text admin_label=&#8220;\u00dcberschrift&#8220; _builder_version=&#8220;4.16&#8243; text_font=&#8220;||||||||&#8220; text_font_size=&#8220;16px&#8220; text_line_height=&#8220;2em&#8220; header_font=&#8220;||||||||&#8220; header_text_color=&#8220;#44580e&#8220; header_2_font=&#8220;Montserrat|800|||||||&#8220; header_2_font_size=&#8220;30px&#8220; header_2_line_height=&#8220;1.5em&#8220; header_3_font=&#8220;||||||||&#8220; header_4_font=&#8220;||||||||&#8220; max_width=&#8220;520px&#8220; max_width_tablet=&#8220;700px&#8220; max_width_phone=&#8220;700px&#8220; max_width_last_edited=&#8220;off|desktop&#8220; custom_margin=&#8220;||30px|&#8220; custom_margin_tablet=&#8220;|0px||&#8220; custom_margin_phone=&#8220;|0px||&#8220; custom_margin_last_edited=&#8220;off|desktop&#8220; custom_padding=&#8220;20px|||&#8220; header_2_font_size_tablet=&#8220;30px&#8220; header_2_font_size_phone=&#8220;20px&#8220; header_2_font_size_last_edited=&#8220;on|phone&#8220; border_color_all=&#8220;#44580e&#8220; border_width_bottom=&#8220;2px&#8220; border_color_bottom=&#8220;#7cda24&#8243; locked=&#8220;off&#8220; global_colors_info=&#8220;{}&#8220;]<\/p>\n<h2>Kindergottesdienst<\/h2>\n<p>[\/et_pb_text][et_pb_text _builder_version=&#8220;4.25.0&#8243; _module_preset=&#8220;default&#8220; global_colors_info=&#8220;{}&#8220;]<\/p>\n<p>Ein Mal im Monat halten wir in Buchenberg Kindergottesdienst. Mit nun\u00admehr nur noch zwei Mitarbeiterinnen und einem Mitarbeiter haben wir uns f\u00fcr diesen leider etwas lockeren Rhythmus entschieden. Wir freuen uns, dass immer noch viele Kinder kommen. Nat\u00fcrlich w\u00fcrden wir uns auch sehr \u00fcber neue Mitarbeiter freuen.<\/p>\n<p>Meist arbeiten wir mit Geschichten aus der der Bibel und versuchen diese f\u00fcr die allt\u00e4gliche Welt der Kinder verst\u00e4ndlich zu machen. Oft ergeben sich dabei spontane Gespr\u00e4che \u00fcber (oft ganz andere) Themen, die die Kinder bewegen.<\/p>\n<p>Das Gebet ist fester Bestandteil unseres Gottesdienstes, genauso wie Spielen und Basteln. F\u00fcr den Gesang fehlt uns im Moment leider die Begleitung.<\/p>\n<p>Kinder und Erwachsene beginnen den Gottesdienst gemeinsam. Vor der Predigt gehen die Kinder mit der Kindergottesdienstkerze und unter dem Gesang der Gemeinde in den Gemeinderaum im \u201eganz alten\u201c Pfarrhaus schr\u00e4g gegen\u00fcber. Nach dem Gottesdienst nehmen die Eltern Ihre Kinder auf dem Vorplatz der Kirche wieder in Empfang.<\/p>\n<p>[\/et_pb_text][et_pb_gallery gallery_ids=&#8220;2288&#8243; _builder_version=&#8220;4.27.2&#8243; _module_preset=&#8220;default&#8220; global_colors_info=&#8220;{}&#8220;][\/et_pb_gallery][\/et_pb_column][et_pb_column type=&#8220;1_4&#8243; _builder_version=&#8220;4.16&#8243; _module_preset=&#8220;default&#8220; global_colors_info=&#8220;{}&#8220;][et_pb_text admin_label=&#8220;Ansprechpartner&#8220; _builder_version=&#8220;4.27.2&#8243; _module_preset=&#8220;default&#8220; background_color=&#8220;rgba(242,240,234,0.5)&#8220; custom_margin=&#8220;80px||||false|false&#8220; custom_padding=&#8220;20px|15px|15px|15px|false|false&#8220; hover_enabled=&#8220;0&#8243; border_width_top=&#8220;4px&#8220; border_color_top=&#8220;#934e99&#8243; global_colors_info=&#8220;{}&#8220; theme_builder_area=&#8220;post_content&#8220; sticky_enabled=&#8220;0&#8243;]<\/p>\n<p><strong>Ansprechpartner\/in:<\/strong><\/p>\n<p>Martin M\u00f6\u00dfner<br \/>Tel: ( 0 77 25) 91 60 68<\/p>\n<p>[\/et_pb_text][et_pb_sidebar area=&#8220;et_pb_widget_area_2&#8243; admin_label=&#8220;Widget: Links&#8220; _builder_version=&#8220;4.27.2&#8243; _module_preset=&#8220;default&#8220; background_color=&#8220;#f2f0ea&#8220; custom_padding=&#8220;20px|15px|15px|15px|false|false&#8220; border_width_top=&#8220;4px&#8220; border_color_top=&#8220;#934e99&#8243; global_colors_info=&#8220;{}&#8220; theme_builder_area=&#8220;post_content&#8220;][\/et_pb_sidebar][\/et_pb_column][\/et_pb_row][\/et_pb_section]<\/p>\n","protected":false},"excerpt":{"rendered":"<p>KindergottesdienstEin Mal im Monat halten wir in Buchenberg Kindergottesdienst. Mit nun\u00admehr nur noch zwei Mitarbeiterinnen und einem Mitarbeiter haben wir uns f\u00fcr diesen leider etwas lockeren Rhythmus entschieden. Wir freuen uns, dass immer noch viele Kinder kommen. Nat\u00fcrlich w\u00fcrden wir uns auch sehr \u00fcber neue Mitarbeiter freuen. Meist arbeiten wir mit Geschichten aus der der [&hellip;]<\/p>\n","protected":false},"author":2,"featured_media":0,"parent":0,"menu_order":0,"comment_status":"closed","ping_status":"closed","template":"","meta":{"_et_pb_use_builder":"on","_et_pb_old_content":"","_et_gb_content_width":"","footnotes":""},"class_list":["post-309","page","type-page","status-publish","hentry"],"_links":{"self":[{"href":"https:\/\/ekibw.de\/index.php?rest_route=\/wp\/v2\/pages\/309","targetHints":{"allow":["GET"]}}],"collection":[{"href":"https:\/\/ekibw.de\/index.php?rest_route=\/wp\/v2\/pages"}],"about":[{"href":"https:\/\/ekibw.de\/index.php?rest_route=\/wp\/v2\/types\/page"}],"author":[{"embeddable":true,"href":"https:\/\/ekibw.de\/index.php?rest_route=\/wp\/v2\/users\/2"}],"replies":[{"embeddable":true,"href":"https:\/\/ekibw.de\/index.php?rest_route=%2Fwp%2Fv2%2Fcomments&post=309"}],"version-history":[{"count":13,"href":"https:\/\/ekibw.de\/index.php?rest_route=\/wp\/v2\/pages\/309\/revisions"}],"predecessor-version":[{"id":3457,"href":"https:\/\/ekibw.de\/index.php?rest_route=\/wp\/v2\/pages\/309\/revisions\/3457"}],"wp:attachment":[{"href":"https:\/\/ekibw.de\/index.php?rest_route=%2Fwp%2Fv2%2Fmedia&parent=309"}],"curies":[{"name":"wp","href":"https:\/\/api.w.org\/{rel}","templated":true}]}}

<p>[et_pb_section fb_built=&#8220;1&#8243; _builder_version=&#8220;4.16&#8243; _module_preset=&#8220;default&#8220; use_background_color_gradient=&#8220;on&#8220; background_color_gradient_stops=&#8220;#f2f0ea 0%|#ffffff 100%&#8220; background_color_gradient_start=&#8220;#f2f0ea&#8220; background_color_gradient_end=&#8220;#ffffff&#8220; background_enable_image=&#8220;off&#8220; background_blend=&#8220;darken&#8220; custom_padding=&#8220;43px||40px|||&#8220; global_colors_info=&#8220;{}&#8220;][et_pb_row column_structure=&#8220;3_4,1_4&#8243; _builder_version=&#8220;4.27.2&#8243; _module_preset=&#8220;default&#8220; background_color=&#8220;#ffffff&#8220; custom_margin=&#8220;-43px||||false|false&#8220; custom_padding=&#8220;10px|20px|7px|32px|false|false&#8220; hover_enabled=&#8220;0&#8243; global_colors_info=&#8220;{}&#8220; sticky_enabled=&#8220;0&#8243;][et_pb_column type=&#8220;3_4&#8243; _builder_version=&#8220;4.16&#8243; _module_preset=&#8220;default&#8220; global_colors_info=&#8220;{}&#8220;][et_pb_text admin_label=&#8220;Überschrift&#8220; _builder_version=&#8220;4.16&#8243; text_font=&#8220;||||||||&#8220; text_font_size=&#8220;16px&#8220; text_line_height=&#8220;2em&#8220; header_font=&#8220;||||||||&#8220; header_text_color=&#8220;#44580e&#8220; header_2_font=&#8220;Montserrat|800|||||||&#8220; header_2_font_size=&#8220;30px&#8220; header_2_line_height=&#8220;1.5em&#8220; header_3_font=&#8220;||||||||&#8220; header_4_font=&#8220;||||||||&#8220; max_width=&#8220;520px&#8220; max_width_tablet=&#8220;700px&#8220; max_width_phone=&#8220;700px&#8220; max_width_last_edited=&#8220;off|desktop&#8220; custom_margin=&#8220;||30px|&#8220; custom_margin_tablet=&#8220;|0px||&#8220; custom_margin_phone=&#8220;|0px||&#8220; custom_margin_last_edited=&#8220;off|desktop&#8220; custom_padding=&#8220;20px|||&#8220; header_2_font_size_tablet=&#8220;30px&#8220; header_2_font_size_phone=&#8220;20px&#8220; header_2_font_size_last_edited=&#8220;on|phone&#8220; border_color_all=&#8220;#44580e&#8220; border_width_bottom=&#8220;2px&#8220; border_color_bottom=&#8220;#7cda24&#8243; locked=&#8220;off&#8220; global_colors_info=&#8220;{}&#8220;]</p>
<h2>Kindergottesdienst</h2>
<p>[/et_pb_text][et_pb_text _builder_version=&#8220;4.25.0&#8243; _module_preset=&#8220;default&#8220; global_colors_info=&#8220;{}&#8220;]</p>
<p>Ein Mal im Monat halten wir in Buchenberg Kindergottesdienst. Mit nun­mehr nur noch zwei Mitarbeiterinnen und einem Mitarbeiter haben wir uns für diesen leider etwas lockeren Rhythmus entschieden. Wir freuen uns, dass immer noch viele Kinder kommen. Natürlich würden wir uns auch sehr über neue Mitarbeiter freuen.</p>
<p>Meist arbeiten wir mit Geschichten aus der der Bibel und versuchen diese für die alltägliche Welt der Kinder verständlich zu machen. Oft ergeben sich dabei spontane Gespräche über (oft ganz andere) Themen, die die Kinder bewegen.</p>
<p>Das Gebet ist fester Bestandteil unseres Gottesdienstes, genauso wie Spielen und Basteln. Für den Gesang fehlt uns im Moment leider die Begleitung.</p>
<p>Kinder und Erwachsene beginnen den Gottesdienst gemeinsam. Vor der Predigt gehen die Kinder mit der Kindergottesdienstkerze und unter dem Gesang der Gemeinde in den Gemeinderaum im „ganz alten“ Pfarrhaus schräg gegenüber. Nach dem Gottesdienst nehmen die Eltern Ihre Kinder auf dem Vorplatz der Kirche wieder in Empfang.</p>
<p>[/et_pb_text][et_pb_gallery gallery_ids=&#8220;2288&#8243; _builder_version=&#8220;4.27.2&#8243; _module_preset=&#8220;default&#8220; global_colors_info=&#8220;{}&#8220;][/et_pb_gallery][/et_pb_column][et_pb_column type=&#8220;1_4&#8243; _builder_version=&#8220;4.16&#8243; _module_preset=&#8220;default&#8220; global_colors_info=&#8220;{}&#8220;][et_pb_text admin_label=&#8220;Ansprechpartner&#8220; _builder_version=&#8220;4.27.2&#8243; _module_preset=&#8220;default&#8220; background_color=&#8220;rgba(242,240,234,0.5)&#8220; custom_margin=&#8220;80px||||false|false&#8220; custom_padding=&#8220;20px|15px|15px|15px|false|false&#8220; hover_enabled=&#8220;0&#8243; border_width_top=&#8220;4px&#8220; border_color_top=&#8220;#934e99&#8243; global_colors_info=&#8220;{}&#8220; theme_builder_area=&#8220;post_content&#8220; sticky_enabled=&#8220;0&#8243;]</p>
<p><strong>Ansprechpartner/in:</strong></p>
<p>Martin Mößner<br />Tel: ( 0 77 25) 91 60 68</p>
<p>[/et_pb_text][et_pb_sidebar area=&#8220;et_pb_widget_area_2&#8243; admin_label=&#8220;Widget: Links&#8220; _builder_version=&#8220;4.27.2&#8243; _module_preset=&#8220;default&#8220; background_color=&#8220;#f2f0ea&#8220; custom_padding=&#8220;20px|15px|15px|15px|false|false&#8220; border_width_top=&#8220;4px&#8220; border_color_top=&#8220;#934e99&#8243; global_colors_info=&#8220;{}&#8220; theme_builder_area=&#8220;post_content&#8220;][/et_pb_sidebar][/et_pb_column][/et_pb_row][/et_pb_section]</p>

<p>KindergottesdienstEin Mal im Monat halten wir in Buchenberg Kindergottesdienst. Mit nun­mehr nur noch zwei Mitarbeiterinnen und einem Mitarbeiter haben wir uns für diesen leider etwas lockeren Rhythmus entschieden. Wir freuen uns, dass immer noch viele Kinder kommen. Natürlich würden wir uns auch sehr über neue Mitarbeiter freuen. Meist arbeiten wir mit Geschichten aus der der [&hellip;]</p>
