{"id":281,"date":"2020-12-11T14:25:13","date_gmt":"2020-12-11T14:25:13","guid":{"rendered":"https:\/\/ekibw.de\/?page_id=281"},"modified":"2025-01-28T13:44:20","modified_gmt":"2025-01-28T13:44:20","slug":"kirchenchor-buchenberg","status":"publish","type":"page","link":"https:\/\/ekibw.de\/?page_id=281","title":{"rendered":"Kirchenchor Buchenberg"},"content":{"rendered":"<p>[et_pb_section fb_built=&#8220;1&#8243; _builder_version=&#8220;4.16&#8243; _module_preset=&#8220;default&#8220; use_background_color_gradient=&#8220;on&#8220; background_color_gradient_stops=&#8220;#f2f0ea 0%|#ffffff 100%&#8220; background_color_gradient_start=&#8220;#f2f0ea&#8220; background_color_gradient_end=&#8220;#ffffff&#8220; background_enable_image=&#8220;off&#8220; background_blend=&#8220;darken&#8220; custom_padding=&#8220;43px||40px|||&#8220; global_colors_info=&#8220;{}&#8220;][et_pb_row column_structure=&#8220;3_4,1_4&#8243; _builder_version=&#8220;4.27.2&#8243; _module_preset=&#8220;default&#8220; background_color=&#8220;#ffffff&#8220; custom_margin=&#8220;-43px||||false|false&#8220; custom_padding=&#8220;10px|20px|7px|32px|false|false&#8220; global_colors_info=&#8220;{}&#8220;][et_pb_column type=&#8220;3_4&#8243; _builder_version=&#8220;4.16&#8243; _module_preset=&#8220;default&#8220; global_colors_info=&#8220;{}&#8220;][et_pb_text admin_label=&#8220;\u00dcberschrift&#8220; _builder_version=&#8220;4.16&#8243; text_font=&#8220;||||||||&#8220; text_font_size=&#8220;16px&#8220; text_line_height=&#8220;2em&#8220; header_font=&#8220;||||||||&#8220; header_text_color=&#8220;#44580e&#8220; header_2_font=&#8220;Montserrat|800|||||||&#8220; header_2_font_size=&#8220;30px&#8220; header_2_line_height=&#8220;1.5em&#8220; header_3_font=&#8220;||||||||&#8220; header_4_font=&#8220;||||||||&#8220; max_width=&#8220;520px&#8220; max_width_tablet=&#8220;700px&#8220; max_width_phone=&#8220;700px&#8220; max_width_last_edited=&#8220;off|desktop&#8220; custom_margin=&#8220;||30px|&#8220; custom_margin_tablet=&#8220;|0px||&#8220; custom_margin_phone=&#8220;|0px||&#8220; custom_margin_last_edited=&#8220;off|desktop&#8220; custom_padding=&#8220;20px|||&#8220; header_2_font_size_tablet=&#8220;30px&#8220; header_2_font_size_phone=&#8220;20px&#8220; header_2_font_size_last_edited=&#8220;on|phone&#8220; border_color_all=&#8220;#44580e&#8220; border_width_bottom=&#8220;2px&#8220; border_color_bottom=&#8220;#7cda24&#8243; locked=&#8220;off&#8220; global_colors_info=&#8220;{}&#8220;]<\/p>\n<h2>Kirchenchor Buchenberg<\/h2>\n<p>[\/et_pb_text][et_pb_text _builder_version=&#8220;4.16&#8243; _module_preset=&#8220;default&#8220; custom_padding=&#8220;6px|||||&#8220; global_colors_info=&#8220;{}&#8220;]<\/p>\n<p>Der Kirchenchor l\u00e4dt herzlich jeden Dienstag (au\u00dfer in den Schulferien) zum Singen ein: Wo? Rathaussaal Dorfmitte Buchenberg. Wann: 19:30 Uhr bis 21:00 Uhr. Anl\u00e4sse zum singen sind besondere Gottesdienste (Weihnachten, Karfreitag, Ostern, Konfirmation, Erntedankfest) und andere Versammlungen der Gemeinde, Ehrung von Gemeindegliedern zu pers\u00f6nlichen Jubil\u00e4en und Beerdigungen.\u00a0<span style=\"font-size: 14px;\">Gemeinsam\u00a0mit den Ch\u00f6ren der Region singen wir bei Konzerten, die immer wieder ein besonderes Erlebnis sind.\u00a0<\/span><span style=\"font-size: 14px;\">In unserem Chor ist jeder der gerne singt und die Gemeinschaft erleben m\u00f6chte herzlich willkommen. Es werden dringend Stimmen im Tenor und Alt ben\u00f6tigt.<\/span><\/p>\n<p>Unser Chor wird von Martin Teichert geleitet.<\/p>\n<p><strong>Kirchenchor Buchenberg unter neuer Leitung<\/strong><\/p>\n<p>Bericht der Jahreshauptversammlung des Kirchenchores<br \/>Der Kirchenchor Buchenberg hat in den vergangenen Monaten viele Ver\u00e4nderungen erlebt. Martin Teichert leitet den Chor seit fast einem Jahr und studiert Schulmusik mit Hauptfach Klavier an der Musikhochschule in Trossingen. Den Jahreskreis im Kirchenjahr mit seinen festen Terminen und Gottesdiensten konnte er mit rund 20 S\u00e4ngerinnen und S\u00e4nger bew\u00e4ltigen. Mit seinem feinen Geh\u00f6r und dem einf\u00fchlsamen und bescheidenen Wesen hat der junge Student die Herzen der Chorgemeinschaft gewonnen.<\/p>\n<p>Ebenfalls f\u00fcr einen Neubeginn sorgte der Auszug aus dem Haus der B\u00fcrger (Probenraum) in den kommunalen Rathaussaal. Hier mussten Schr\u00e4nke, Noten und Zubeh\u00f6r transportiert und neu gelagert werden.<\/p>\n<p>Monika Weisser als Schriftf\u00fchrerin nahm uns mit auf die Erlebnisse der letzten zwei Jahre und nannte 35 Proben und 19 Auftritte. Dieter Aberle wurde als langj\u00e4hriger Beirat mit Dank und Anerkennung entlastet und J\u00fcrg Scheithauer als sein Nachfolger gew\u00e4hlt. Ortsvorsteher Roland Meder leitete die Neuwahlen, und somit ist das Leitungsteam mit Obfrau Birgit Helms und ihrem Stellvertreter Siegfried Obergfell, sowie der Schriftf\u00fchrerin Monika Weisser, der Notenwartin Edeltraud Obergfell und dem neuen Beirat J\u00fcrg Scheithauer komplett.<\/p>\n<p>F\u00fcr vorbildlichen Probenbesuch erhielten Friedel Blum und Birgit Helms Urkunden sowie Blumen als langj\u00e4hrige Notenwartin Dank und Anerken\u00adnung f\u00fcr ihre zuverl\u00e4ssigen Dienste. Obfrau Helms dankte allen im Namen des Kirchengemeinderates f\u00fcr das ehrenamtliche Engagement in der Kirchengemeinde.<\/p>\n<p>Als n\u00e4chstes steht die Vorbereitung f\u00fcr den Einf\u00fchrungsgottesdienst unserer neuen Pfarrerin Dr. Gabriele Mayer am 09. Juli auf dem Programm. Im Herbst plant der Chor eine Chorfreizeit, um sich intensiv auf ein Adventskonzert mit der \u00d6ffnung zu einem \u201eProjektchor\u201c vorzubereiten. Ortsvorsteher Meder w\u00fcnscht sich den Chor bei der diesj\u00e4hrigen Dorf\u00adweihnacht mit einem lockeren und offenen Singen f\u00fcr Jung und Alt. Derzeit fehlen Stimmen im Tenor und Alt, daher bitten wir hier \u00f6ffentlich um Unterst\u00fctzung: Wer gerne singt m\u00f6ge sich angesprochen f\u00fchlen und dienstags, 19.30 Uhr den Weg in unsere Chorprobe finden. (Schulferien ausgeschlossen). Es besteht kein Mitgliederzwang, wir sind eine feste Stammbesetzung und freuen uns \u00fcber jede Stimme (auch nur in einem bestimmten Zeitraum).<\/p>\n<p>Die Teamleitung Chor: (Von links nach rechts):<br \/>Martin Teichert Chorleiter,\u00a0Roland Meder Ortsvorsteher ( Wahlleiter ),\u00a0Siegfried Obergfell 2. Obmann,<br \/>Monika Weisser ( Schriftf\u00fchrerin ), Edeltraud Obergfell (Notenwartin),\u00a0Birgit Helms ( Obfrau)<\/p>\n<p>&nbsp;<\/p>\n<p>[\/et_pb_text][et_pb_image src=&#8220;https:\/\/ekibw.de\/wp-content\/uploads\/2023\/09\/IMG_4809-1-1.jpg&#8220; title_text=&#8220;IMG_4809 (1)&#8220; _builder_version=&#8220;4.22.2&#8243; _module_preset=&#8220;default&#8220; global_colors_info=&#8220;{}&#8220;][\/et_pb_image][et_pb_gallery gallery_ids=&#8220;655,657,664,656,658,659,661,660,662,663,955,954,953,952,951,950,949,948&#8243; posts_number=&#8220;20&#8243; show_title_and_caption=&#8220;off&#8220; show_pagination=&#8220;off&#8220; _builder_version=&#8220;4.16&#8243; _module_preset=&#8220;default&#8220; z_index=&#8220;3&#8243; animation_style=&#8220;fade&#8220; global_colors_info=&#8220;{}&#8220;][\/et_pb_gallery][\/et_pb_column][et_pb_column type=&#8220;1_4&#8243; _builder_version=&#8220;4.16&#8243; _module_preset=&#8220;default&#8220; global_colors_info=&#8220;{}&#8220;][et_pb_text admin_label=&#8220;Ansprechpartner&#8220; _builder_version=&#8220;4.27.4&#8243; _module_preset=&#8220;default&#8220; background_color=&#8220;rgba(242,240,234,0.5)&#8220; custom_margin=&#8220;80px||||false|false&#8220; custom_padding=&#8220;20px|15px|15px|15px|false|false&#8220; border_width_top=&#8220;4px&#8220; border_color_top=&#8220;#934e99&#8243; global_colors_info=&#8220;{}&#8220;]<\/p>\n<p><strong>Ansprechpartner\/in:<\/strong><\/p>\n<p>Birgit Helms<br \/>1. Obfrau<br \/><a href=\"mailto:birgit-helms@freenet.de\">birgit-helms@freenet.de<\/a><br \/>Tel.: (0 77 25) 25 42<\/p>\n<p>Siegfried Obergfell<br \/>2. Obmann<br \/>Tel.: (0 77 25) 5 40<\/p>\n<p>[\/et_pb_text][et_pb_text admin_label=&#8220;Termin der Gruppe&#8220; _builder_version=&#8220;4.27.4&#8243; _module_preset=&#8220;default&#8220; background_color=&#8220;rgba(242,240,234,0.5)&#8220; custom_margin=&#8220;20px||||false|false&#8220; custom_padding=&#8220;20px|15px|15px|15px|false|false&#8220; hover_enabled=&#8220;0&#8243; border_width_top=&#8220;4px&#8220; border_color_top=&#8220;#934e99&#8243; global_colors_info=&#8220;{}&#8220; sticky_enabled=&#8220;0&#8243;]<\/p>\n<p>Wir treffen uns immer <strong>Dienstags<\/strong> um <strong>19:30 Uhr<\/strong> im <strong>Rathaussaal in Buchenberg<\/strong><\/p>\n<p>[\/et_pb_text][et_pb_sidebar area=&#8220;et_pb_widget_area_2&#8243; admin_label=&#8220;Widget: Links&#8220; _builder_version=&#8220;4.27.2&#8243; _module_preset=&#8220;default&#8220; background_color=&#8220;#f2f0ea&#8220; custom_padding=&#8220;20px|15px|15px|15px|false|false&#8220; border_width_top=&#8220;4px&#8220; border_color_top=&#8220;#934e99&#8243; global_colors_info=&#8220;{}&#8220;][\/et_pb_sidebar][\/et_pb_column][\/et_pb_row][\/et_pb_section]<\/p>\n","protected":false},"excerpt":{"rendered":"<p>Kirchenchor BuchenbergDer Kirchenchor l\u00e4dt herzlich jeden Dienstag (au\u00dfer in den Schulferien) zum Singen ein: Wo? Rathaussaal Dorfmitte Buchenberg. Wann: 19:30 Uhr bis 21:00 Uhr. Anl\u00e4sse zum singen sind besondere Gottesdienste (Weihnachten, Karfreitag, Ostern, Konfirmation, Erntedankfest) und andere Versammlungen der Gemeinde, Ehrung von Gemeindegliedern zu pers\u00f6nlichen Jubil\u00e4en und Beerdigungen.\u00a0Gemeinsam\u00a0mit den Ch\u00f6ren der Region singen wir bei [&hellip;]<\/p>\n","protected":false},"author":2,"featured_media":0,"parent":0,"menu_order":0,"comment_status":"closed","ping_status":"closed","template":"","meta":{"_et_pb_use_builder":"on","_et_pb_old_content":"","_et_gb_content_width":"","footnotes":""},"class_list":["post-281","page","type-page","status-publish","hentry"],"_links":{"self":[{"href":"https:\/\/ekibw.de\/index.php?rest_route=\/wp\/v2\/pages\/281","targetHints":{"allow":["GET"]}}],"collection":[{"href":"https:\/\/ekibw.de\/index.php?rest_route=\/wp\/v2\/pages"}],"about":[{"href":"https:\/\/ekibw.de\/index.php?rest_route=\/wp\/v2\/types\/page"}],"author":[{"embeddable":true,"href":"https:\/\/ekibw.de\/index.php?rest_route=\/wp\/v2\/users\/2"}],"replies":[{"embeddable":true,"href":"https:\/\/ekibw.de\/index.php?rest_route=%2Fwp%2Fv2%2Fcomments&post=281"}],"version-history":[{"count":24,"href":"https:\/\/ekibw.de\/index.php?rest_route=\/wp\/v2\/pages\/281\/revisions"}],"predecessor-version":[{"id":3661,"href":"https:\/\/ekibw.de\/index.php?rest_route=\/wp\/v2\/pages\/281\/revisions\/3661"}],"wp:attachment":[{"href":"https:\/\/ekibw.de\/index.php?rest_route=%2Fwp%2Fv2%2Fmedia&parent=281"}],"curies":[{"name":"wp","href":"https:\/\/api.w.org\/{rel}","templated":true}]}}

<p>[et_pb_section fb_built=&#8220;1&#8243; _builder_version=&#8220;4.16&#8243; _module_preset=&#8220;default&#8220; use_background_color_gradient=&#8220;on&#8220; background_color_gradient_stops=&#8220;#f2f0ea 0%|#ffffff 100%&#8220; background_color_gradient_start=&#8220;#f2f0ea&#8220; background_color_gradient_end=&#8220;#ffffff&#8220; background_enable_image=&#8220;off&#8220; background_blend=&#8220;darken&#8220; custom_padding=&#8220;43px||40px|||&#8220; global_colors_info=&#8220;{}&#8220;][et_pb_row column_structure=&#8220;3_4,1_4&#8243; _builder_version=&#8220;4.27.2&#8243; _module_preset=&#8220;default&#8220; background_color=&#8220;#ffffff&#8220; custom_margin=&#8220;-43px||||false|false&#8220; custom_padding=&#8220;10px|20px|7px|32px|false|false&#8220; global_colors_info=&#8220;{}&#8220;][et_pb_column type=&#8220;3_4&#8243; _builder_version=&#8220;4.16&#8243; _module_preset=&#8220;default&#8220; global_colors_info=&#8220;{}&#8220;][et_pb_text admin_label=&#8220;Überschrift&#8220; _builder_version=&#8220;4.16&#8243; text_font=&#8220;||||||||&#8220; text_font_size=&#8220;16px&#8220; text_line_height=&#8220;2em&#8220; header_font=&#8220;||||||||&#8220; header_text_color=&#8220;#44580e&#8220; header_2_font=&#8220;Montserrat|800|||||||&#8220; header_2_font_size=&#8220;30px&#8220; header_2_line_height=&#8220;1.5em&#8220; header_3_font=&#8220;||||||||&#8220; header_4_font=&#8220;||||||||&#8220; max_width=&#8220;520px&#8220; max_width_tablet=&#8220;700px&#8220; max_width_phone=&#8220;700px&#8220; max_width_last_edited=&#8220;off|desktop&#8220; custom_margin=&#8220;||30px|&#8220; custom_margin_tablet=&#8220;|0px||&#8220; custom_margin_phone=&#8220;|0px||&#8220; custom_margin_last_edited=&#8220;off|desktop&#8220; custom_padding=&#8220;20px|||&#8220; header_2_font_size_tablet=&#8220;30px&#8220; header_2_font_size_phone=&#8220;20px&#8220; header_2_font_size_last_edited=&#8220;on|phone&#8220; border_color_all=&#8220;#44580e&#8220; border_width_bottom=&#8220;2px&#8220; border_color_bottom=&#8220;#7cda24&#8243; locked=&#8220;off&#8220; global_colors_info=&#8220;{}&#8220;]</p>
<h2>Kirchenchor Buchenberg</h2>
<p>[/et_pb_text][et_pb_text _builder_version=&#8220;4.16&#8243; _module_preset=&#8220;default&#8220; custom_padding=&#8220;6px|||||&#8220; global_colors_info=&#8220;{}&#8220;]</p>
<p>Der Kirchenchor lädt herzlich jeden Dienstag (außer in den Schulferien) zum Singen ein: Wo? Rathaussaal Dorfmitte Buchenberg. Wann: 19:30 Uhr bis 21:00 Uhr. Anlässe zum singen sind besondere Gottesdienste (Weihnachten, Karfreitag, Ostern, Konfirmation, Erntedankfest) und andere Versammlungen der Gemeinde, Ehrung von Gemeindegliedern zu persönlichen Jubiläen und Beerdigungen. <span style="font-size: 14px;">Gemeinsam mit den Chören der Region singen wir bei Konzerten, die immer wieder ein besonderes Erlebnis sind. </span><span style="font-size: 14px;">In unserem Chor ist jeder der gerne singt und die Gemeinschaft erleben möchte herzlich willkommen. Es werden dringend Stimmen im Tenor und Alt benötigt.</span></p>
<p>Unser Chor wird von Martin Teichert geleitet.</p>
<p><strong>Kirchenchor Buchenberg unter neuer Leitung</strong></p>
<p>Bericht der Jahreshauptversammlung des Kirchenchores<br />Der Kirchenchor Buchenberg hat in den vergangenen Monaten viele Veränderungen erlebt. Martin Teichert leitet den Chor seit fast einem Jahr und studiert Schulmusik mit Hauptfach Klavier an der Musikhochschule in Trossingen. Den Jahreskreis im Kirchenjahr mit seinen festen Terminen und Gottesdiensten konnte er mit rund 20 Sängerinnen und Sänger bewältigen. Mit seinem feinen Gehör und dem einfühlsamen und bescheidenen Wesen hat der junge Student die Herzen der Chorgemeinschaft gewonnen.</p>
<p>Ebenfalls für einen Neubeginn sorgte der Auszug aus dem Haus der Bürger (Probenraum) in den kommunalen Rathaussaal. Hier mussten Schränke, Noten und Zubehör transportiert und neu gelagert werden.</p>
<p>Monika Weisser als Schriftführerin nahm uns mit auf die Erlebnisse der letzten zwei Jahre und nannte 35 Proben und 19 Auftritte. Dieter Aberle wurde als langjähriger Beirat mit Dank und Anerkennung entlastet und Jürg Scheithauer als sein Nachfolger gewählt. Ortsvorsteher Roland Meder leitete die Neuwahlen, und somit ist das Leitungsteam mit Obfrau Birgit Helms und ihrem Stellvertreter Siegfried Obergfell, sowie der Schriftführerin Monika Weisser, der Notenwartin Edeltraud Obergfell und dem neuen Beirat Jürg Scheithauer komplett.</p>
<p>Für vorbildlichen Probenbesuch erhielten Friedel Blum und Birgit Helms Urkunden sowie Blumen als langjährige Notenwartin Dank und Anerken­nung für ihre zuverlässigen Dienste. Obfrau Helms dankte allen im Namen des Kirchengemeinderates für das ehrenamtliche Engagement in der Kirchengemeinde.</p>
<p>Als nächstes steht die Vorbereitung für den Einführungsgottesdienst unserer neuen Pfarrerin Dr. Gabriele Mayer am 09. Juli auf dem Programm. Im Herbst plant der Chor eine Chorfreizeit, um sich intensiv auf ein Adventskonzert mit der Öffnung zu einem „Projektchor“ vorzubereiten. Ortsvorsteher Meder wünscht sich den Chor bei der diesjährigen Dorf­weihnacht mit einem lockeren und offenen Singen für Jung und Alt. Derzeit fehlen Stimmen im Tenor und Alt, daher bitten wir hier öffentlich um Unterstützung: Wer gerne singt möge sich angesprochen fühlen und dienstags, 19.30 Uhr den Weg in unsere Chorprobe finden. (Schulferien ausgeschlossen). Es besteht kein Mitgliederzwang, wir sind eine feste Stammbesetzung und freuen uns über jede Stimme (auch nur in einem bestimmten Zeitraum).</p>
<p>Die Teamleitung Chor: (Von links nach rechts):<br />Martin Teichert Chorleiter, Roland Meder Ortsvorsteher ( Wahlleiter ), Siegfried Obergfell 2. Obmann,<br />Monika Weisser ( Schriftführerin ), Edeltraud Obergfell (Notenwartin), Birgit Helms ( Obfrau)</p>
<p>&nbsp;</p>
<p>[/et_pb_text][et_pb_image src=&#8220;https://ekibw.de/wp-content/uploads/2023/09/IMG_4809-1-1.jpg&#8220; title_text=&#8220;IMG_4809 (1)&#8220; _builder_version=&#8220;4.22.2&#8243; _module_preset=&#8220;default&#8220; global_colors_info=&#8220;{}&#8220;][/et_pb_image][et_pb_gallery gallery_ids=&#8220;655,657,664,656,658,659,661,660,662,663,955,954,953,952,951,950,949,948&#8243; posts_number=&#8220;20&#8243; show_title_and_caption=&#8220;off&#8220; show_pagination=&#8220;off&#8220; _builder_version=&#8220;4.16&#8243; _module_preset=&#8220;default&#8220; z_index=&#8220;3&#8243; animation_style=&#8220;fade&#8220; global_colors_info=&#8220;{}&#8220;][/et_pb_gallery][/et_pb_column][et_pb_column type=&#8220;1_4&#8243; _builder_version=&#8220;4.16&#8243; _module_preset=&#8220;default&#8220; global_colors_info=&#8220;{}&#8220;][et_pb_text admin_label=&#8220;Ansprechpartner&#8220; _builder_version=&#8220;4.27.4&#8243; _module_preset=&#8220;default&#8220; background_color=&#8220;rgba(242,240,234,0.5)&#8220; custom_margin=&#8220;80px||||false|false&#8220; custom_padding=&#8220;20px|15px|15px|15px|false|false&#8220; border_width_top=&#8220;4px&#8220; border_color_top=&#8220;#934e99&#8243; global_colors_info=&#8220;{}&#8220;]</p>
<p><strong>Ansprechpartner/in:</strong></p>
<p>Birgit Helms<br />1. Obfrau<br /><a href="mailto:birgit-helms@freenet.de">birgit-helms@freenet.de</a><br />Tel.: (0 77 25) 25 42</p>
<p>Siegfried Obergfell<br />2. Obmann<br />Tel.: (0 77 25) 5 40</p>
<p>[/et_pb_text][et_pb_text admin_label=&#8220;Termin der Gruppe&#8220; _builder_version=&#8220;4.27.4&#8243; _module_preset=&#8220;default&#8220; background_color=&#8220;rgba(242,240,234,0.5)&#8220; custom_margin=&#8220;20px||||false|false&#8220; custom_padding=&#8220;20px|15px|15px|15px|false|false&#8220; hover_enabled=&#8220;0&#8243; border_width_top=&#8220;4px&#8220; border_color_top=&#8220;#934e99&#8243; global_colors_info=&#8220;{}&#8220; sticky_enabled=&#8220;0&#8243;]</p>
<p>Wir treffen uns immer <strong>Dienstags</strong> um <strong>19:30 Uhr</strong> im <strong>Rathaussaal in Buchenberg</strong></p>
<p>[/et_pb_text][et_pb_sidebar area=&#8220;et_pb_widget_area_2&#8243; admin_label=&#8220;Widget: Links&#8220; _builder_version=&#8220;4.27.2&#8243; _module_preset=&#8220;default&#8220; background_color=&#8220;#f2f0ea&#8220; custom_padding=&#8220;20px|15px|15px|15px|false|false&#8220; border_width_top=&#8220;4px&#8220; border_color_top=&#8220;#934e99&#8243; global_colors_info=&#8220;{}&#8220;][/et_pb_sidebar][/et_pb_column][/et_pb_row][/et_pb_section]</p>

<p>Kirchenchor BuchenbergDer Kirchenchor lädt herzlich jeden Dienstag (außer in den Schulferien) zum Singen ein: Wo? Rathaussaal Dorfmitte Buchenberg. Wann: 19:30 Uhr bis 21:00 Uhr. Anlässe zum singen sind besondere Gottesdienste (Weihnachten, Karfreitag, Ostern, Konfirmation, Erntedankfest) und andere Versammlungen der Gemeinde, Ehrung von Gemeindegliedern zu persönlichen Jubiläen und Beerdigungen. Gemeinsam mit den Chören der Region singen wir bei [&hellip;]</p>
