{"id":241,"date":"2020-12-11T14:20:12","date_gmt":"2020-12-11T14:20:12","guid":{"rendered":"https:\/\/ekibw.de\/?page_id=241"},"modified":"2024-10-25T07:29:07","modified_gmt":"2024-10-25T07:29:07","slug":"kindergarten-schwalbennest","status":"publish","type":"page","link":"https:\/\/ekibw.de\/?page_id=241","title":{"rendered":"Kindergarten &#8222;Schwalbennest&#8220; Weiler"},"content":{"rendered":"<p>[et_pb_section fb_built=&#8220;1&#8243; _builder_version=&#8220;4.16&#8243; _module_preset=&#8220;default&#8220; use_background_color_gradient=&#8220;on&#8220; background_color_gradient_stops=&#8220;#f2f0ea 0%|#ffffff 100%&#8220; background_color_gradient_start=&#8220;#f2f0ea&#8220; background_color_gradient_end=&#8220;#ffffff&#8220; background_enable_image=&#8220;off&#8220; background_blend=&#8220;darken&#8220; custom_padding=&#8220;43px||40px|||&#8220; global_colors_info=&#8220;{}&#8220;][et_pb_row column_structure=&#8220;3_4,1_4&#8243; _builder_version=&#8220;4.27.2&#8243; _module_preset=&#8220;default&#8220; background_color=&#8220;#ffffff&#8220; custom_margin=&#8220;-43px||||false|false&#8220; custom_padding=&#8220;10px|20px|7px|32px|false|false&#8220; global_colors_info=&#8220;{}&#8220;][et_pb_column type=&#8220;3_4&#8243; _builder_version=&#8220;4.16&#8243; _module_preset=&#8220;default&#8220; global_colors_info=&#8220;{}&#8220;][et_pb_text admin_label=&#8220;\u00dcberschrift&#8220; _builder_version=&#8220;4.16&#8243; text_font=&#8220;||||||||&#8220; text_font_size=&#8220;16px&#8220; text_line_height=&#8220;2em&#8220; header_font=&#8220;||||||||&#8220; header_text_color=&#8220;#44580e&#8220; header_2_font=&#8220;Montserrat|800|||||||&#8220; header_2_font_size=&#8220;30px&#8220; header_2_line_height=&#8220;1.5em&#8220; header_3_font=&#8220;||||||||&#8220; header_4_font=&#8220;||||||||&#8220; max_width=&#8220;571px&#8220; max_width_tablet=&#8220;700px&#8220; max_width_phone=&#8220;700px&#8220; max_width_last_edited=&#8220;off|desktop&#8220; custom_margin=&#8220;||30px|&#8220; custom_margin_tablet=&#8220;|0px||&#8220; custom_margin_phone=&#8220;|0px||&#8220; custom_margin_last_edited=&#8220;off|desktop&#8220; custom_padding=&#8220;20px|||&#8220; header_2_font_size_tablet=&#8220;30px&#8220; header_2_font_size_phone=&#8220;20px&#8220; header_2_font_size_last_edited=&#8220;on|phone&#8220; border_color_all=&#8220;#44580e&#8220; border_width_bottom=&#8220;2px&#8220; border_color_bottom=&#8220;#7cda24&#8243; locked=&#8220;off&#8220; global_colors_info=&#8220;{}&#8220;]<\/p>\n<h2>Kindergarten \u201eSchwalbennest\u201c Weiler<\/h2>\n<p>[\/et_pb_text][et_pb_text _builder_version=&#8220;4.16&#8243; _module_preset=&#8220;default&#8220; global_colors_info=&#8220;{}&#8220;]<\/p>\n<p>Der evangelische Kindergarten \u201eSchwalben-Nest\u201c liegt im idyllischen Ortsteil Weiler. Die Kirchengemeinde Weiler mit Burgberrg und Erdmannsweiler ist Tr\u00e4gerin des Kindergartens.<\/p>\n<p>In unserem Kindergarten mit zwei Gruppen k\u00f6nnen wir gezielt\u00a0 und individuell auf den Entwicklungsstand der einzelnen Kinder eingehen. Das Leben und der Zusammenhalt in der Gruppe haben bei uns einen sehr hohen Stellenwert.<\/p>\n<p>Unser Tagesablauf richtet sich nach dem Christlichen Glauben. Er ist der Mittelpunkt unserer Arbeit. In Angeboten, Festen und Feiern, im Zusammenleben mit Mensch und Natur, in Tischgebeten spiegelt sich unser Glaube wider. Es ist uns wichtig die Kinder an die christliche Lebensweise heranzuf\u00fchren.<\/p>\n<p>Der Evangelische Kindergarten \u201eSchwalben-Nest\u201c\u00a0 ist seit 2016 ein zertifizierter Kneipp-Kindergarten.<\/p>\n<p>Die f\u00fcnf Elemente der Kneipp-Lehre sind sehr gut in Verbindung mit den Bildungsbereichen des Orientierungsplanes zu bringen. Sie begleiten uns in unserem Tagesablauf.<\/p>\n<p>Das Kneipp-Konzept ist ein ganzheitliches Konzept. Es sensibilisiert die Kinder f\u00fcr ihren eigenen K\u00f6rper und ihre eigene Gesundheit auf einfache und nat\u00fcrliche Weise.<\/p>\n<p><strong>Es ist eine gute Basis f\u00fcr ihren weiteren Lebensweg!<\/strong><\/p>\n<p>Die f\u00fcnf Elemente der Kneipp-Lehre werden bei uns in den p\u00e4dagogischen Alltag integriert:<\/p>\n<ol>\n<li><strong>Wasseranwendungen:<\/strong> Mit sanften Reizen wird das K\u00f6rperbewusstsein verbessert, Abwehrkr\u00e4fte anregt und Leistungsf\u00e4higkeit gesteigert.<\/li>\n<li><strong>Bewegung: <\/strong> Mit sportlichen Aktionen und Aktivit\u00e4ten wollen wir Kraft, Ausdauer, Geschicklichkeit und Beweglichkeit st\u00e4rken.<\/li>\n<li><strong>Ern\u00e4hrung:<\/strong> Wir achten auf eine ausgewogene, zuckerarme und naturbelassene Ern\u00e4hrung. Wobei ein bewusstes Essverhalten und ein sinnvoller Umgang mit Genussmitteln im Vordergrund stehen.<\/li>\n<li><strong>Heilpflanzen\/Kr\u00e4uter:<\/strong> Im gro\u00dfz\u00fcgigen Garten des Kindergartens befindet sich ein Kr\u00e4uterbeet, das mit den Kindern angelegt und gepflegt wird. Auch f\u00fcr unser w\u00f6chentliches Kochen nutzen wir die reichlichen Kr\u00e4uter und Pflanzen des Beetes. Aus den uns bekannten Pflanzen werden Sirup, Teemischungen, Marmeladen, \u00d6le, Seife u.v.m. mit den Kindern hergestellt.<\/li>\n<li><strong>Lebensordnung:<\/strong> Das seelische Gleichgewicht steht in diesem Bereich im Vordergrund. Dazu geh\u00f6ren u.a. konstante Bezugspersonen, Rituale und Feste, religi\u00f6se Werte und ein geregelter Tages- und Wochenablauf.<\/li>\n<\/ol>\n<p><span style=\"font-size: 14px;\">.<\/span><\/p>\n<p>[\/et_pb_text][et_pb_gallery gallery_ids=&#8220;1199,38,1200&#8243; _builder_version=&#8220;4.25.0&#8243; _module_preset=&#8220;default&#8220; global_colors_info=&#8220;{}&#8220;][\/et_pb_gallery][\/et_pb_column][et_pb_column type=&#8220;1_4&#8243; _builder_version=&#8220;4.16&#8243; _module_preset=&#8220;default&#8220; global_colors_info=&#8220;{}&#8220;][et_pb_text admin_label=&#8220;Ansprechpartner&#8220; _builder_version=&#8220;4.27.2&#8243; _module_preset=&#8220;default&#8220; background_color=&#8220;rgba(242,240,234,0.5)&#8220; custom_margin=&#8220;80px||||false|false&#8220; custom_padding=&#8220;20px|15px|15px|15px|false|false&#8220; hover_enabled=&#8220;0&#8243; border_width_top=&#8220;4px&#8220; border_color_top=&#8220;#934e99&#8243; global_colors_info=&#8220;{}&#8220; sticky_enabled=&#8220;0&#8243;]<\/p>\n<p><strong>Ansprechpartner\/in:<\/strong><\/p>\n<p>Stefanie H\u00f6fgen<br \/>Tel: (0 77 25)\u00a036 20<br \/><a href=\"mailto:Kita.schwalbennest.weiler@kbz.ekiba.de\u200b\">Kita.schwalbennest.weiler@kbz.ekiba.de\u200b<\/a><\/p>\n<p>[\/et_pb_text][et_pb_sidebar area=&#8220;et_pb_widget_area_2&#8243; admin_label=&#8220;Widget: Links&#8220; _builder_version=&#8220;4.27.2&#8243; _module_preset=&#8220;default&#8220; background_color=&#8220;#f2f0ea&#8220; custom_padding=&#8220;20px|15px|15px|15px|false|false&#8220; border_width_top=&#8220;4px&#8220; border_color_top=&#8220;#934e99&#8243; global_colors_info=&#8220;{}&#8220;][\/et_pb_sidebar][\/et_pb_column][\/et_pb_row][\/et_pb_section]<\/p>\n","protected":false},"excerpt":{"rendered":"<p>Kindergarten \u201eSchwalbennest\u201c WeilerDer evangelische Kindergarten \u201eSchwalben-Nest\u201c liegt im idyllischen Ortsteil Weiler. Die Kirchengemeinde Weiler mit Burgberrg und Erdmannsweiler ist Tr\u00e4gerin des Kindergartens. In unserem Kindergarten mit zwei Gruppen k\u00f6nnen wir gezielt\u00a0 und individuell auf den Entwicklungsstand der einzelnen Kinder eingehen. Das Leben und der Zusammenhalt in der Gruppe haben bei uns einen sehr hohen Stellenwert. [&hellip;]<\/p>\n","protected":false},"author":2,"featured_media":0,"parent":0,"menu_order":0,"comment_status":"closed","ping_status":"closed","template":"","meta":{"_et_pb_use_builder":"on","_et_pb_old_content":"","_et_gb_content_width":"","footnotes":""},"class_list":["post-241","page","type-page","status-publish","hentry"],"_links":{"self":[{"href":"https:\/\/ekibw.de\/index.php?rest_route=\/wp\/v2\/pages\/241","targetHints":{"allow":["GET"]}}],"collection":[{"href":"https:\/\/ekibw.de\/index.php?rest_route=\/wp\/v2\/pages"}],"about":[{"href":"https:\/\/ekibw.de\/index.php?rest_route=\/wp\/v2\/types\/page"}],"author":[{"embeddable":true,"href":"https:\/\/ekibw.de\/index.php?rest_route=\/wp\/v2\/users\/2"}],"replies":[{"embeddable":true,"href":"https:\/\/ekibw.de\/index.php?rest_route=%2Fwp%2Fv2%2Fcomments&post=241"}],"version-history":[{"count":19,"href":"https:\/\/ekibw.de\/index.php?rest_route=\/wp\/v2\/pages\/241\/revisions"}],"predecessor-version":[{"id":3455,"href":"https:\/\/ekibw.de\/index.php?rest_route=\/wp\/v2\/pages\/241\/revisions\/3455"}],"wp:attachment":[{"href":"https:\/\/ekibw.de\/index.php?rest_route=%2Fwp%2Fv2%2Fmedia&parent=241"}],"curies":[{"name":"wp","href":"https:\/\/api.w.org\/{rel}","templated":true}]}}

<p>[et_pb_section fb_built=&#8220;1&#8243; _builder_version=&#8220;4.16&#8243; _module_preset=&#8220;default&#8220; use_background_color_gradient=&#8220;on&#8220; background_color_gradient_stops=&#8220;#f2f0ea 0%|#ffffff 100%&#8220; background_color_gradient_start=&#8220;#f2f0ea&#8220; background_color_gradient_end=&#8220;#ffffff&#8220; background_enable_image=&#8220;off&#8220; background_blend=&#8220;darken&#8220; custom_padding=&#8220;43px||40px|||&#8220; global_colors_info=&#8220;{}&#8220;][et_pb_row column_structure=&#8220;3_4,1_4&#8243; _builder_version=&#8220;4.27.2&#8243; _module_preset=&#8220;default&#8220; background_color=&#8220;#ffffff&#8220; custom_margin=&#8220;-43px||||false|false&#8220; custom_padding=&#8220;10px|20px|7px|32px|false|false&#8220; global_colors_info=&#8220;{}&#8220;][et_pb_column type=&#8220;3_4&#8243; _builder_version=&#8220;4.16&#8243; _module_preset=&#8220;default&#8220; global_colors_info=&#8220;{}&#8220;][et_pb_text admin_label=&#8220;Überschrift&#8220; _builder_version=&#8220;4.16&#8243; text_font=&#8220;||||||||&#8220; text_font_size=&#8220;16px&#8220; text_line_height=&#8220;2em&#8220; header_font=&#8220;||||||||&#8220; header_text_color=&#8220;#44580e&#8220; header_2_font=&#8220;Montserrat|800|||||||&#8220; header_2_font_size=&#8220;30px&#8220; header_2_line_height=&#8220;1.5em&#8220; header_3_font=&#8220;||||||||&#8220; header_4_font=&#8220;||||||||&#8220; max_width=&#8220;571px&#8220; max_width_tablet=&#8220;700px&#8220; max_width_phone=&#8220;700px&#8220; max_width_last_edited=&#8220;off|desktop&#8220; custom_margin=&#8220;||30px|&#8220; custom_margin_tablet=&#8220;|0px||&#8220; custom_margin_phone=&#8220;|0px||&#8220; custom_margin_last_edited=&#8220;off|desktop&#8220; custom_padding=&#8220;20px|||&#8220; header_2_font_size_tablet=&#8220;30px&#8220; header_2_font_size_phone=&#8220;20px&#8220; header_2_font_size_last_edited=&#8220;on|phone&#8220; border_color_all=&#8220;#44580e&#8220; border_width_bottom=&#8220;2px&#8220; border_color_bottom=&#8220;#7cda24&#8243; locked=&#8220;off&#8220; global_colors_info=&#8220;{}&#8220;]</p>
<h2>Kindergarten „Schwalbennest“ Weiler</h2>
<p>[/et_pb_text][et_pb_text _builder_version=&#8220;4.16&#8243; _module_preset=&#8220;default&#8220; global_colors_info=&#8220;{}&#8220;]</p>
<p>Der evangelische Kindergarten „Schwalben-Nest“ liegt im idyllischen Ortsteil Weiler. Die Kirchengemeinde Weiler mit Burgberrg und Erdmannsweiler ist Trägerin des Kindergartens.</p>
<p>In unserem Kindergarten mit zwei Gruppen können wir gezielt  und individuell auf den Entwicklungsstand der einzelnen Kinder eingehen. Das Leben und der Zusammenhalt in der Gruppe haben bei uns einen sehr hohen Stellenwert.</p>
<p>Unser Tagesablauf richtet sich nach dem Christlichen Glauben. Er ist der Mittelpunkt unserer Arbeit. In Angeboten, Festen und Feiern, im Zusammenleben mit Mensch und Natur, in Tischgebeten spiegelt sich unser Glaube wider. Es ist uns wichtig die Kinder an die christliche Lebensweise heranzuführen.</p>
<p>Der Evangelische Kindergarten „Schwalben-Nest“  ist seit 2016 ein zertifizierter Kneipp-Kindergarten.</p>
<p>Die fünf Elemente der Kneipp-Lehre sind sehr gut in Verbindung mit den Bildungsbereichen des Orientierungsplanes zu bringen. Sie begleiten uns in unserem Tagesablauf.</p>
<p>Das Kneipp-Konzept ist ein ganzheitliches Konzept. Es sensibilisiert die Kinder für ihren eigenen Körper und ihre eigene Gesundheit auf einfache und natürliche Weise.</p>
<p><strong>Es ist eine gute Basis für ihren weiteren Lebensweg!</strong></p>
<p>Die fünf Elemente der Kneipp-Lehre werden bei uns in den pädagogischen Alltag integriert:</p>
<ol>
<li><strong>Wasseranwendungen:</strong> Mit sanften Reizen wird das Körperbewusstsein verbessert, Abwehrkräfte anregt und Leistungsfähigkeit gesteigert.</li>
<li><strong>Bewegung: </strong> Mit sportlichen Aktionen und Aktivitäten wollen wir Kraft, Ausdauer, Geschicklichkeit und Beweglichkeit stärken.</li>
<li><strong>Ernährung:</strong> Wir achten auf eine ausgewogene, zuckerarme und naturbelassene Ernährung. Wobei ein bewusstes Essverhalten und ein sinnvoller Umgang mit Genussmitteln im Vordergrund stehen.</li>
<li><strong>Heilpflanzen/Kräuter:</strong> Im großzügigen Garten des Kindergartens befindet sich ein Kräuterbeet, das mit den Kindern angelegt und gepflegt wird. Auch für unser wöchentliches Kochen nutzen wir die reichlichen Kräuter und Pflanzen des Beetes. Aus den uns bekannten Pflanzen werden Sirup, Teemischungen, Marmeladen, Öle, Seife u.v.m. mit den Kindern hergestellt.</li>
<li><strong>Lebensordnung:</strong> Das seelische Gleichgewicht steht in diesem Bereich im Vordergrund. Dazu gehören u.a. konstante Bezugspersonen, Rituale und Feste, religiöse Werte und ein geregelter Tages- und Wochenablauf.</li>
</ol>
<p><span style="font-size: 14px;">.</span></p>
<p>[/et_pb_text][et_pb_gallery gallery_ids=&#8220;1199,38,1200&#8243; _builder_version=&#8220;4.25.0&#8243; _module_preset=&#8220;default&#8220; global_colors_info=&#8220;{}&#8220;][/et_pb_gallery][/et_pb_column][et_pb_column type=&#8220;1_4&#8243; _builder_version=&#8220;4.16&#8243; _module_preset=&#8220;default&#8220; global_colors_info=&#8220;{}&#8220;][et_pb_text admin_label=&#8220;Ansprechpartner&#8220; _builder_version=&#8220;4.27.2&#8243; _module_preset=&#8220;default&#8220; background_color=&#8220;rgba(242,240,234,0.5)&#8220; custom_margin=&#8220;80px||||false|false&#8220; custom_padding=&#8220;20px|15px|15px|15px|false|false&#8220; hover_enabled=&#8220;0&#8243; border_width_top=&#8220;4px&#8220; border_color_top=&#8220;#934e99&#8243; global_colors_info=&#8220;{}&#8220; sticky_enabled=&#8220;0&#8243;]</p>
<p><strong>Ansprechpartner/in:</strong></p>
<p>Stefanie Höfgen<br />Tel: (0 77 25) 36 20<br /><a href="mailto:Kita.schwalbennest.weiler@kbz.ekiba.de​">Kita.schwalbennest.weiler@kbz.ekiba.de​</a></p>
<p>[/et_pb_text][et_pb_sidebar area=&#8220;et_pb_widget_area_2&#8243; admin_label=&#8220;Widget: Links&#8220; _builder_version=&#8220;4.27.2&#8243; _module_preset=&#8220;default&#8220; background_color=&#8220;#f2f0ea&#8220; custom_padding=&#8220;20px|15px|15px|15px|false|false&#8220; border_width_top=&#8220;4px&#8220; border_color_top=&#8220;#934e99&#8243; global_colors_info=&#8220;{}&#8220;][/et_pb_sidebar][/et_pb_column][/et_pb_row][/et_pb_section]</p>

<p>Kindergarten „Schwalbennest“ WeilerDer evangelische Kindergarten „Schwalben-Nest“ liegt im idyllischen Ortsteil Weiler. Die Kirchengemeinde Weiler mit Burgberrg und Erdmannsweiler ist Trägerin des Kindergartens. In unserem Kindergarten mit zwei Gruppen können wir gezielt  und individuell auf den Entwicklungsstand der einzelnen Kinder eingehen. Das Leben und der Zusammenhalt in der Gruppe haben bei uns einen sehr hohen Stellenwert. [&hellip;]</p>
